{"version":"1.0","provider_name":"K\u00f6z\u00f6ss\u00e9gi m\u00e9dia mindenkinek","provider_url":"https:\/\/kozossegimedia.cafeblog.hu","author_name":"Balassa Lilla","author_url":"https:\/\/kozossegimedia.cafeblog.hu\/author\/balassa_lilla\/","title":"Hogyan tervezd meg a 2015-\u00f6s \u00e9vedet?","html":"<a href=\"https:\/\/kozossegimedia.cafeblog.hu\/files\/2014\/12\/Ad\u00f3v\u00e1ltoz\u00e1sok-ad\u00f3csomag-ad\u00f3bevall\u00e1s-2015.jpg\"><img class=\"alignleft size-large wp-image-5525329\" src=\"https:\/\/kozossegimedia.cafeblog.hu\/files\/2014\/12\/Ad\u00f3v\u00e1ltoz\u00e1sok-ad\u00f3csomag-ad\u00f3bevall\u00e1s-2015-600x450.jpg\" alt=\"Ad\u00f3v\u00e1ltoz\u00e1sok-ad\u00f3csomag-ad\u00f3bevall\u00e1s-2015\" width=\"600\" height=\"450\" \/><\/a>Ahogy az \u00e9v egyre ink\u00e1bb a v\u00e9g\u00e9hez k\u00f6zeledik, a PR-osok, marketingesek egyre ink\u00e1bb kezdik \u00e1tvizsg\u00e1lni \u00e9s \u00f6sszegezni a 2014-es \u00e9v esem\u00e9nyeit \u00e9s felk\u00e9sz\u00fclni a j\u00f6v\u0151 \u00e9vre. Ilyenkor grafikonok, t\u00e1bl\u00e1zatok \u00e9s diagramok t\u00f6mkelege halmoz\u00f3dik fel. Azonban sajnos az \u00f6sszes adat feldolgoz\u00e1sa sem mindig vezet strat\u00e9gia v\u00e1ltoz\u00e1shoz... Hogyan ker\u00fclhet\u0151 el ez a probl\u00e9ma? Hogyan hozhatjuk ki a legjobbat saj\u00e1t statisztik\u00e1inkb\u00f3l, hogy azokat felhaszn\u00e1lhassuk a 2015-\u00f6s tervhez?\r\n\r\nK\u00e9sz\u00edts\u00fcnk olyan strat\u00e9gi\u00e1t, amely a k\u00f6vetkez\u0151 3 k\u00e9rd\u00e9sre k\u00e9pes v\u00e1laszolni:\r\n<ul>\r\n\t<li>Mi t\u00f6rt\u00e9nt?<\/li>\r\n\t<li>Mi\u00e9rt t\u00f6rt\u00e9t?<\/li>\r\n\t<li>Meg lehet ezt ism\u00e9telni?<\/li>\r\n<\/ul>\r\nA 2014-es adatok vizsg\u00e1latakor keress\u00fcnk kiugr\u00f3 \u00e9rt\u00e9keket, keress\u00fcnk szokatlan esem\u00e9nyeket, amiket \u00e9rdemes megjegyezni.\r\n\r\nN\u00e9zz\u00fcnk meg egy p\u00e9ld\u00e1t a Facebook statisztik\u00e1ib\u00f3l:\r\n\r\n<a href=\"https:\/\/kozossegimedia.cafeblog.hu\/files\/2014\/12\/analitika1.png\"><img class=\"alignleft size-large wp-image-5525328\" src=\"https:\/\/kozossegimedia.cafeblog.hu\/files\/2014\/12\/analitika1-600x214.png\" alt=\"analitika1\" width=\"600\" height=\"214\" \/><\/a>\r\n\r\nMik lehetnek a kiemelked\u0151 interakci\u00f3 okai? A legmagasabbn\u00e1l a c\u00e9g \u00faj akci\u00f3s programj\u00e1r\u00f3l esett sz\u00f3. Ez megism\u00e9telhet\u0151 \u00e9s profit\u00e1l\u00f3 is. A m\u00e1sodik a c\u00e9gr\u0151l osztott meg n\u00e9h\u00e1ny bels\u0151 inform\u00e1ci\u00f3t. Ez szint\u00e9n megism\u00e9telhet\u0151 \u00e9s b\u00e1r nagy profitn\u00f6veked\u00e9s nem sz\u00e1rmazik bel\u0151le, a rajong\u00f3kb\u00f3l nagyobb elk\u00f6telez\u0151d\u00e9st v\u00e1lt ki. A harmadik pedig egy \u00faj term\u00e9k bevezet\u00e9s\u00e9r\u0151l sz\u00f3lt. Ez szint\u00e9n megism\u00e9telhet\u0151, de a profit\u00e1l\u00e1s persze nem biztos.\r\n\r\nMiut\u00e1n l\u00e1ttunk p\u00e9ld\u00e1t a strat\u00e9gia elemz\u00e9s\u00e9re, tegy\u00fck fel magunknak ugyanezt a 3 k\u00e9rd\u00e9st. Vajon a legnagyobb interakci\u00f3t el\u00e9r\u0151 bejegyz\u00e9s alap\u00f6tlete \u00fajrahasznos\u00edthat\u00f3 \u00e9s bele\u00e9p\u00edthet\u0151 a j\u00f6v\u0151 \u00e9vi marketing strat\u00e9gi\u00e1nkba? Vajon milyen felt\u00e9teleket kell biztos\u00edtani hasonl\u00f3 sikerekhez?\r\n\r\nRem\u00e9lj\u00fck ezzel a kis seg\u00edts\u00e9ggel k\u00f6nnyebben fog menni a 2015-\u00f6s marketing strat\u00e9gia k\u00e9sz\u00edt\u00e9se. ;) J\u00f3 elemz\u00e9st!\r\n\r\n&nbsp;\r\n\r\n&nbsp;","type":"rich","thumbnail_url":"https:\/\/kozossegimedia.cafeblog.hu\/files\/2014\/12\/Ad\u00f3v\u00e1ltoz\u00e1sok-ad\u00f3csomag-ad\u00f3bevall\u00e1s-2015-150x150.jpg","thumbnail_width":150,"thumbnail_height":150}

Közösségi média mindenkinek

Hogyan tervezd meg a 2015-ös évedet?

<a href="https://kozossegimedia.cafeblog.hu/files/2014/12/Adóváltozások-adócsomag-adóbevallás-2015.jpg"><img class="alignleft size-large wp-image-5525329" src="https://kozossegimedia.cafeblog.hu/files/2014/12/Adóváltozások-adócsomag-adóbevallás-2015-600x450.jpg" alt="Adóváltozások-adócsomag-adóbevallás-2015" width="600" height="450" /></a>Ahogy az év egyre inkább a végéhez közeledik, a PR-osok, marketingesek egyre inkább kezdik átvizsgálni és összegezni a 2014-es év eseményeit és felkészülni a jövő évre. Ilyenkor grafikonok, táblázatok és diagramok tömkelege halmozódik fel. Azonban sajnos az összes adat feldolgozása sem mindig vezet stratégia változáshoz... Hogyan kerülhető el ez a probléma? Hogyan hozhatjuk ki a legjobbat saját statisztikáinkból, hogy azokat felhasználhassuk a 2015-ös tervhez?

Készítsünk olyan stratégiát, amely a következő 3 kérdésre képes válaszolni:
<ul>
	<li>Mi történt?</li>
	<li>Miért törtét?</li>
	<li>Meg lehet ezt ismételni?</li>
</ul>
A 2014-es adatok vizsgálatakor keressünk kiugró értékeket, keressünk szokatlan eseményeket, amiket érdemes megjegyezni.

Nézzünk meg egy példát a Facebook statisztikáiból:

<a href="https://kozossegimedia.cafeblog.hu/files/2014/12/analitika1.png"><img class="alignleft size-large wp-image-5525328" src="https://kozossegimedia.cafeblog.hu/files/2014/12/analitika1-600x214.png" alt="analitika1" width="600" height="214" /></a>

Mik lehetnek a kiemelkedő interakció okai? A legmagasabbnál a cég új akciós programjáról esett szó. Ez megismételhető és profitáló is. A második a cégről osztott meg néhány belső információt. Ez szintén megismételhető és bár nagy profitnövekedés nem származik belőle, a rajongókból nagyobb elköteleződést vált ki. A harmadik pedig egy új termék bevezetéséről szólt. Ez szintén megismételhető, de a profitálás persze nem biztos.

Miután láttunk példát a stratégia elemzésére, tegyük fel magunknak ugyanezt a 3 kérdést. Vajon a legnagyobb interakciót elérő bejegyzés alapötlete újrahasznosítható és beleépíthető a jövő évi marketing stratégiánkba? Vajon milyen feltételeket kell biztosítani hasonló sikerekhez?

Reméljük ezzel a kis segítséggel könnyebben fog menni a 2015-ös marketing stratégia készítése. ;) Jó elemzést!

&nbsp;

&nbsp;

https://kozossegimedia.cafeblog.hu/files/2014/12/Adóváltozások-adócsomag-adóbevallás-2015-150x150.jpg
