{"version":"1.0","provider_name":"K\u00f6z\u00f6ss\u00e9gi m\u00e9dia mindenkinek","provider_url":"https:\/\/kozossegimedia.cafeblog.hu","author_name":"Balassa Lilla","author_url":"https:\/\/kozossegimedia.cafeblog.hu\/author\/balassa_lilla\/","title":"T\u00e9gy j\u00f3t a Facebook-on!","html":"<p><a href=\"https:\/\/kozossegimedia.cafeblog.hu\/files\/2015\/11\/fundraisers-on-desktop-and-mobile-v21.png\"><img class=\"alignleft  wp-image-5525930\" src=\"https:\/\/kozossegimedia.cafeblog.hu\/files\/2015\/11\/fundraisers-on-desktop-and-mobile-v21-600x320.png\" alt=\"fundraisers-on-desktop-and-mobile-v21\" width=\"407\" height=\"217\" \/><\/a>Sajnos m\u00e9g mindig rengeteg helyen van \u00e9hez\u00e9s, vagy \u00e9ppen t\u00f6rt\u00e9nnek katasztr\u00f3f\u00e1k, de szerencs\u00e9re a k\u00f6z\u00f6ss\u00e9gi m\u00e9dia erej\u00e9nek is k\u00f6sz\u00f6nhet\u0151en, az emberekben egyre ink\u00e1bb k\u00e9sztet\u00e9st \u00e9reznek arra, hogy tegyenek valamit az ilyen \u00fcgyek\u00e9rt. Ez\u00e9rt is kezdem\u00e9nyezte Zuckerberg \u00e9s csapata az adom\u00e1nyoz\u00f3 szolg\u00e1ltat\u00e1s l\u00e9trej\u00f6tt\u00e9t a Facebookon.<\/p>\r\n<p>Naomi Gleit, a term\u00e9kfejleszt\u00e9si menedzsment aleln\u00f6ke a <a href=\"http:\/\/newsroom.fb.com\/\">Newsroom<\/a>nak a k\u00f6vetkez\u0151t nyilatkozta:<\/p>\r\n<p>\u201eAz emberek hajland\u00f3ak p\u00e9nzt \u00e1ldozni a katasztr\u00f3fa s\u00fajtotta ter\u00fcletek \u00e1ldozataira, elt\u0171nt gyerekek megtal\u00e1l\u00e1s\u00e1ra \u00e9s egy\u00e9b fontos probl\u00e9m\u00e1kra, amik \u00e9rdeklik \u0151ket. Azt vett\u00fck \u00e9szre, hogy amikor a k\u00f6z\u00f6ss\u00e9gek l\u00e9p\u00e9seket tesznek egy j\u00f3 \u00fcgy \u00e9rdek\u00e9ben, az gyakran ember\u00e9leteket menthet. Az adom\u00e1nyoz\u00f3 fel\u00fcletet az\u00e9rt hoztuk l\u00e9tre, hogy az emberek a Facebook elhagy\u00e1sa n\u00e9lk\u00fcl is k\u00e9pesek legyenek seg\u00edteni m\u00e1sokon.\u201d<\/p>\r\n<p>Jelenleg 37 szervezet teszteli az adom\u00e1nyoz\u00f3 fel\u00fcletet, k\u00f6zt\u00fck a Mercy Corps, a National Multiple Sclerosis Society \u00e9s a World Wildlife Fund. Hamarosan pedig sz\u00e9lesebb k\u00f6rben is el\u00e9rhet\u0151v\u00e9 v\u00e1lik majd. Addig is, mutatjuk a vide\u00f3t, hogy hogyan is fog m\u0171k\u00f6dni:<\/p>\r\n<p><iframe src=\"https:\/\/player.vimeo.com\/video\/145698529?title=0&amp;byline=0&amp;portrait=0\" width=\"500\" height=\"281\" frameborder=\"0\"><\/iframe><\/p>\r\n<p>A Facebookon az \u00faj\u00edt\u00e1snak k\u00f6sz\u00f6nhet\u0151en a nonprofit szervezetek egyszer\u0171bben el\u00e9rik t\u00e1mogat\u00f3ikat, el tudj\u00e1k mes\u00e9lni saj\u00e1t t\u00f6rt\u00e9net\u00fcket, hogy mi c\u00e9lb\u00f3l gy\u0171jtenek, \u00e9s hogy azzal hogyan is haladnak.<\/p>\r\n<p>Term\u00e9szetesen, mivel m\u00e9giscsak a Facebookr\u00f3l van sz\u00f3, ez\u00e9rt az adom\u00e1nyoz\u00f3knak lehet\u0151s\u00e9g\u00fck ny\u00edlik majd arra is, hogy ismer\u0151seikkel megossz\u00e1k j\u00f3cselekedet\u00fcket a k\u00f6z\u00f6ss\u00e9gi oldalon.<\/p>\r\n<p>De hogyan is n\u00e9z ki a val\u00f3s\u00e1gban egy ilyen adom\u00e1nygy\u0171jt\u0151 kamp\u00e1ny?<\/p>\r\n<p>Mutatunk r\u00e1 2 p\u00e9ld\u00e1t:<\/p>\r\n<p>A k\u00fcl\u00f6nleges fajok \u00e9s vad\u00e1llatok v\u00e9delme \u00e9rdek\u00e9ben <a href=\"https:\/\/www.facebook.com\/donate\/10153379029714794\" target=\"_blank\">itt lehet adom\u00e1nyozni<\/a>, aki pedig a <a href=\"https:\/\/www.facebook.com\/donate\/10153317348256275\/\" target=\"_blank\">sz\u00edriai menek\u00fcltv\u00e1ls\u00e1g<\/a>gal kialakult helyzeten szeretne seg\u00edteni, az a linkre kattintva teheti meg.<\/p>\r\n<p>Mit gondolsz err\u0151l a megold\u00e1sr\u00f3l?<\/p>","type":"rich","thumbnail_url":"https:\/\/kozossegimedia.cafeblog.hu\/files\/2015\/11\/fundraisers-on-desktop-and-mobile-v21-150x150.png","thumbnail_width":150,"thumbnail_height":150}

Közösségi média mindenkinek

Tégy jót a Facebook-on!

<p><a href="https://kozossegimedia.cafeblog.hu/files/2015/11/fundraisers-on-desktop-and-mobile-v21.png"><img class="alignleft  wp-image-5525930" src="https://kozossegimedia.cafeblog.hu/files/2015/11/fundraisers-on-desktop-and-mobile-v21-600x320.png" alt="fundraisers-on-desktop-and-mobile-v21" width="407" height="217" /></a>Sajnos még mindig rengeteg helyen van éhezés, vagy éppen történnek katasztrófák, de szerencsére a közösségi média erejének is köszönhetően, az emberekben egyre inkább késztetést éreznek arra, hogy tegyenek valamit az ilyen ügyekért. Ezért is kezdeményezte Zuckerberg és csapata az adományozó szolgáltatás létrejöttét a Facebookon.</p>
<p>Naomi Gleit, a termékfejlesztési menedzsment alelnöke a <a href="http://newsroom.fb.com/">Newsroom</a>nak a következőt nyilatkozta:</p>
<p>„Az emberek hajlandóak pénzt áldozni a katasztrófa sújtotta területek áldozataira, eltűnt gyerekek megtalálására és egyéb fontos problémákra, amik érdeklik őket. Azt vettük észre, hogy amikor a közösségek lépéseket tesznek egy jó ügy érdekében, az gyakran emberéleteket menthet. Az adományozó felületet azért hoztuk létre, hogy az emberek a Facebook elhagyása nélkül is képesek legyenek segíteni másokon.”</p>
<p>Jelenleg 37 szervezet teszteli az adományozó felületet, köztük a Mercy Corps, a National Multiple Sclerosis Society és a World Wildlife Fund. Hamarosan pedig szélesebb körben is elérhetővé válik majd. Addig is, mutatjuk a videót, hogy hogyan is fog működni:</p>
<p><iframe src="https://player.vimeo.com/video/145698529?title=0&amp;byline=0&amp;portrait=0" width="500" height="281" frameborder="0"></iframe></p>
<p>A Facebookon az újításnak köszönhetően a nonprofit szervezetek egyszerűbben elérik támogatóikat, el tudják mesélni saját történetüket, hogy mi célból gyűjtenek, és hogy azzal hogyan is haladnak.</p>
<p>Természetesen, mivel mégiscsak a Facebookról van szó, ezért az adományozóknak lehetőségük nyílik majd arra is, hogy ismerőseikkel megosszák jócselekedetüket a közösségi oldalon.</p>
<p>De hogyan is néz ki a valóságban egy ilyen adománygyűjtő kampány?</p>
<p>Mutatunk rá 2 példát:</p>
<p>A különleges fajok és vadállatok védelme érdekében <a href="https://www.facebook.com/donate/10153379029714794" target="_blank">itt lehet adományozni</a>, aki pedig a <a href="https://www.facebook.com/donate/10153317348256275/" target="_blank">szíriai menekültválság</a>gal kialakult helyzeten szeretne segíteni, az a linkre kattintva teheti meg.</p>
<p>Mit gondolsz erről a megoldásról?</p>
